t of 1522540?
0
What is the ten millions digit of 38517120?
3
What is the ten millions digit of 23247572?
2
What is the thousands digit of 151249?
1
What is the units digit of 244835?
5
What is the hundreds digit of 10583664?
6
What is the tens digit of 372461?
6
What is the tens digit of 3372878?
7
What is the hundreds digit of 805622?
6
What is the hundred thousands digit of 244290?
2
What is the hundreds digit of 102985?
9
What is the ten thousands digit of 131973?
3
What is the hundreds digit of 145815?
8
What is the thousands digit of 35866?
5
What is the hundreds digit of 155487?
4
What is the tens digit of 315997?
9
What is the thousands digit of 29673660?
3
What is the ten thousands digit of 9304774?
0
What is the hundreds digit of 51505?
5
What is the millions digit of 6606194?
6
What is the ten thousands digit of 2654802?
5
What is the thousands digit of 4711?
4
What is the ten thousands digit of 72459?
7
What is the ten thousands digit of 5307219?
0
What is the ten thousands digit of 148261?
4
What is the tens digit of 764294?
9
What is the units digit of 334744?
4
What is the ten thousands digit of 335439?
3
What is the ten thousands digit of 91832?
9
What is the units digit of 21705206?
6
What is the ten thousands digit of 1463230?
6
What is the ten thousands digit of 164828?
6
What is the tens digit of 9724741?
4
What is the hundreds digit of 6549387?
3
What is the units digit of 1389582?
2
What is the thousands digit of 1176149?
6
What is the tens digit of 650764?
6
What is the tens digit of 5659299?
9
What is the hundreds digit of 18452243?
2
What is the ten thousands digit of 370464?
7
What is the thousands digit of 3954438?
4
What is the hundred thousands digit of 259698?
2
What is the tens digit of 725782?
8
What is the hundreds digit of 398214?
2
What is the hundreds digit of 724137?
1
What is the ten thousands digit of 9226295?
2
What is the units digit of 7678808?
8
What is the hundred thousands digit of 12273868?
2
What is the hundred thousands digit of 955026?
9
What is the millions digit of 2905665?
2
What is the hundreds digit of 4690908?
9
What is the tens digit of 12163?
6
What is the ten millions digit of 11712792?
1
What is the units digit of 832052?
2
What is the hundreds digit of 30871?
8
What is the ten thousands digit of 69097?
6
What is the ten thousands digit of 251524?
5
What is the hundreds digit of 2059382?
3
What is the tens digit of 162974?
7
What is the millions digit of 1324964?
1
What is the units digit of 1949604?
4
What is the hundreds digit of 577320?
3
What is the tens digit of 2814766?
6
What is the tens digit of 140448?
4
What is the tens digit of 1699518?
1
What is the hundred thousands digit of 22117335?
1
What is the units digit of 2748079?
9
What is the millions digit of 1315063?
1
What is the units digit of 116110?
0
What is the hundred thousands digit of 1677442?
6
What is the units digit of 471727?
7
What is the tens digit of 20934480?
8
What is the units digit of 7581330?
0
What is the thousands digit of 1307443?
7
What is the thousands digit of 192914?
2
What is the thousands digit of 24608927?
8
What is the units digit of 271156?
6
What is the units digit of 272934?
4
What is the tens digit of 5830927?
2
What is the tens digit of 6317252?
5
What is the thousands digit of 88789?
8
What is the tens digit of 144687?
8
What is the ten thousands digit of 642548?
4
What is the hundreds digit of 1684532?
5
What is the tens digit of 1269499?
9
What is the hundreds digit of 343785?
7
What is the thousands digit of 656861?
6
What is the thousands digit of 30683237?
3
What is the units digit of 1575133?
3
What is the units digit of 200928?
8
What is the hundreds digit of 8859280?
2
What is the thousands digit of 101128?
1
What is the tens digit of 2152031?
3
What is the ten thousands digit of 8124824?
2
What is the hundreds digit of 249112?
1
What is the thousands digit of 5203859?
3
What is the ten thousands digit of 617149?
1
What is the tens digit of 236993?
9
What is the ten thousands digit of 444031?
4
What is the thousands digit of 2328594?
8
What is the millions digit of 7960270?
7
What is the millions digit of 3052918?
3
What is the tens digit of 16748384?
8
What is the units digit of 19474138?
8
What is the units digit of 19776952?
2
What is the thousands digit of 186032?
6
What is the hundreds digit of 12898764?
7
What is the hundreds digit of 4044261?
2
What is the ten thousands digit of 406815?
0
What is the units digit of 2457328?
8
What is the ten thousands digit of 84970?
8
What is the units digit of 262832?
2
What is the thousands digit of 2458160?
8
What is the hundred thousands digit of 44350275?
3
What is the thousands digit of 1015888?
5
What is the units digit of 641710?
0
What is the hundreds digit of 5147705?
7
What is the hundreds digit of 3920576?
5
What is the millions digit of 14974342?
4
What is the ten thousands digit of 532342?
3
What is the units digit of 7432825?
5
What is the tens digit of 140056?
5
What is the ten thousands digit of 38102?
3
What is the thousands digit of 2486884?
6
What is the hundred thousands digit of 307496?
3
What is the hundreds digit of 827640?
6
What is the units digit of 1786061?
1
What is the units digit of 421766?
6
What is the tens digit of 10908469?
6
What is the units digit of 4162544?
4
What is the ten thousands digit of 6640319?
4
What is the tens digit of 296194?
9
What is the hundred thousands digit of 32626490?
6
What is the units digit of 341106?
6
What is the ten thousands digit of 3161426?
6
What is the tens digit of 8292890?
9
What is the millions digit of 32939031?
2
What is the millions digit of 16364765?
6
What is the hundred thousands digit of 1694563?
6
What is the tens digit of 363801?
0
What is the tens digit of 357268?
6
What is the hundred thousands digit of 17658843?
6
What is the ten thousands digit of 91757?
9
What is the tens digit of 395197?
9
What is the ten thousands digit of 561153?
6
What is the thousands digit of 409625?
9
What is the millions digit of 4061201?
4
What is the hundred thousands digit of 12881793?
8
What is the hundreds digit of 37354569?
5
What is the ten thousands digit of 548494?
4
What is the units digit of 187821?
1
What is the tens digit of 14702547?
4
What is the hundred thousands digit of 1721344?
7
What is the units digit of 2209079?
9
What is the hundreds digit of 711687?
6
What is the tens digit of 4309127?
2
What is the thousands digit of 515136?
5
What is the millions digit of 1038751?
1
What is the hundreds digit of 320445?
4
What is the millions digit of 1832908?
1
What is the tens digit of 1085486?
8
What is the ten thousands digit of 194741?
9
What is the units digit of 132398?
8
What is the units digit of 608056?
6
What is the millions digit of 3749385?
3
What is the ten thousands digit of 37184?
3
What is the thousands digit of 376622?
6
What is the thousands digit of 188883?
8
What is the thousands digit of 5322887?
2
What is the tens digit of 559923?
2
What is the thousands digit of 29230?
9
What is the tens digit of 28064303?
0
What is the tens digit of 456656?
5
What is the thousands digit of 968435?
8
What is the ten thousands digit of 96420?
9
What is the hundred thousands digit of 678440?
6
What is the units digit of 1784990?
0
What is the hundred thousands digit of 3798072?
7
What is the ten thousands digit of 2079175?
7
What is the units digit of 26267488?
8
What is the thousands digit of 13723509?
3
What is the thousands digit of 250387?
0
What is the hundreds digit of 11511496?
4
What is the hundred thousands digit of 851885?
8
What is the tens digit of 69601?
0
What is the ten thousands digit of 1536261?
3
What is the hundred thousands digit of 191175?
1
What is the ten thousands digit of 5282381?
8
What is the tens digit of 55304?
0
What is the units digit of 3947729?
9
What is the millions digit of 1887573?
1
What is the thousands digit of 461298?
1
What is the tens digit of 1560495?
9
What is the hundreds digit of 294972?
9
What is the units digit of 107026?
6
What is the tens digit of 2890122?
2
What is the ten thousands digit of 2572226?
7
What is the thousands digit of 351801?
1
What is the thousands digit of 550434?
0
What is the millions digit of 